{"id":102,"date":"2007-07-01T18:22:46","date_gmt":"2007-07-01T23:22:46","guid":{"rendered":"https:\/\/graffitiresearchlab.com\/?page_id=102"},"modified":"2007-07-01T18:22:46","modified_gmt":"2007-07-01T23:22:46","slug":"extinguidor-pov-cam","status":"publish","type":"page","link":"https:\/\/graffitiresearchlab.com\/blog\/projects\/extinguidor-pov-cam\/","title":{"rendered":"\u00a1Extinguidor POV CAM!"},"content":{"rendered":"<p><object width=\"500\" height=\"375\"><param name=\"movie\" value=\"http:\/\/www.youtube.com\/v\/5w4nijLHsMM\"><\/param><param name=\"wmode\" value=\"transparent\"><\/param><embed src=\"http:\/\/www.youtube.com\/v\/5w4nijLHsMM\" type=\"application\/x-shockwave-flash\" wmode=\"transparent\" width=\"500\" height=\"375\"><\/embed><\/object><\/p>\n<p><em>Katsu en acci\u00f3n con el sistema POV CAM. (Fuente: YouTube)<\/em><\/p>\n<p>\u00bfTe molesta que las gotas de pintura te salpiquen los ojos? \u00bfDesear\u00edas que la gente se diera cuenta de tus her\u00f3icos esfuerzos para poder pintar la propiedad privada? Si la respuesta es &#8220;SI&#8221;,  lo que necesitas es el nuevo <strong>EXTINGUIDOR POV CAM<\/strong> del Laboratorio de Investigaci\u00f3n del Graffiti.<\/p>\n<p>Esta c\u00e1mara es un dispositivo de bajo presupuesto que se monta en tu cabeza, dise\u00f1ado para capturar video de grafiteros en acci\u00f3n, desde el punto de vista del individuo en cuesti\u00f3n. Adem\u00e1s, protege tu rostro de gotas de pintura indeseables y\/o del impacto de pintura a presi\u00f3n o bien, de un batazo de la polic\u00eda de NY.<\/p>\n<p>El Extinguidor POV CAM no se encuentra disponible en ninguna tienda cercana. El Extinguidor POV CAM se ensambla f\u00e1cilmente usando una c\u00e1mara de video reciclable -las encuentras en CVS o en Duane-Reade-, un lente angular .45x, sujetadores de cables, gaffer y un escudo de protecci\u00f3n facial. <a href=\"http:\/\/www.instructables.com\/id\/EGUS49LF1B3R97L\/?ALLSTEPS\">Instrucciones aqu\u00ed<\/a>.<\/p>\n<p>Para m\u00e1s informacion sobre los Extinguidores de Katsu visita <a href=\"http:\/\/www.instructables.com\/id\/EODBLZQF3KLNUC6\/\">este link<\/a>.<\/p>\n<p>\u00a1Muchas gracias a Jerry Juarez!<\/p>\n<p><img decoding=\"async\" src=\"https:\/\/graffitiresearchlab.com\/povcam\/mask1b.jpg\"><\/p>\n<p><img decoding=\"async\" src=\"https:\/\/graffitiresearchlab.com\/povcam\/mask1.JPG\"><\/p>\n","protected":false},"excerpt":{"rendered":"<p>Katsu en acci\u00f3n con el sistema POV CAM. (Fuente: YouTube) \u00bfTe molesta que las gotas de pintura te salpiquen los ojos? \u00bfDesear\u00edas que la gente se diera cuenta de tus her\u00f3icos esfuerzos para poder pintar la propiedad privada? Si la respuesta es &#8220;SI&#8221;, lo que necesitas es el nuevo EXTINGUIDOR POV CAM del Laboratorio de [&hellip;]<\/p>\n","protected":false},"author":2,"featured_media":0,"parent":31,"menu_order":0,"comment_status":"open","ping_status":"open","template":"","meta":{"footnotes":""},"class_list":["post-102","page","type-page","status-publish","hentry"],"_links":{"self":[{"href":"https:\/\/graffitiresearchlab.com\/blog\/wp-json\/wp\/v2\/pages\/102","targetHints":{"allow":["GET"]}}],"collection":[{"href":"https:\/\/graffitiresearchlab.com\/blog\/wp-json\/wp\/v2\/pages"}],"about":[{"href":"https:\/\/graffitiresearchlab.com\/blog\/wp-json\/wp\/v2\/types\/page"}],"author":[{"embeddable":true,"href":"https:\/\/graffitiresearchlab.com\/blog\/wp-json\/wp\/v2\/users\/2"}],"replies":[{"embeddable":true,"href":"https:\/\/graffitiresearchlab.com\/blog\/wp-json\/wp\/v2\/comments?post=102"}],"version-history":[{"count":0,"href":"https:\/\/graffitiresearchlab.com\/blog\/wp-json\/wp\/v2\/pages\/102\/revisions"}],"up":[{"embeddable":true,"href":"https:\/\/graffitiresearchlab.com\/blog\/wp-json\/wp\/v2\/pages\/31"}],"wp:attachment":[{"href":"https:\/\/graffitiresearchlab.com\/blog\/wp-json\/wp\/v2\/media?parent=102"}],"curies":[{"name":"wp","href":"https:\/\/api.w.org\/{rel}","templated":true}]}}